*p - j + 2*j + 23. Suppose 0 = 6*m - 2*m - 16, -22 = -5*l - 3*m. Let d(z) = -2*z**2 + 7*z**2 - p*z**l. What is d(-3)?
9
Let g(y) = -4*y + 14. Let d(t) = -1. Let r be 1/(-3)*(-21 - -18). Let a(q) = r*g(q) + 12*d(q). What is a(2)?
-6
Let g = 23 - 4. Suppose -g = y - 5*n, 0 = -2*y + y + n - 3. Let z(k) = 0 - y + 4 + k. Calculate z(-5).
-2
Let u(o) be the first derivative of -o**4/4 + o**2/2 + 7*o + 132. Determine u(0).
7
Let o = 20 + -22. Let c be 3 + -4 + (o - 1). Let a(r) = 2*r**2 + 5*r - 4. What is a(c)?
8
Let w be (-5 - -36) + 6/(-3). Let v(m) = -m + w*m**3 + 19*m**3 - 1 - m**2 - 33*m**3. Determine v(-1).
-16
Let o(i) = 1. Let t(j) = -5*j + 10. Let p(q) = 10*o(q) - t(q). Let m be 10/(-4 + 9) + -4. Give p(m).
-10
Let a(q) = -7*q + 14. Let h(f) = f**3 + 8*f**2 + 7*f + 2. Let c be h(-7). Let y(n) = -3*n + 7. Let u(d) = c*a(d) - 5*y(d). Let g be 0/(-1)*3/(-6). What is u(g)?
-7
Let z(h) = -4*h - 1. Let v = 128 - 116. Let x = -15 + v. Give z(x).
11
Suppose 8*o + 2*o = 2*o. Let v(g) = g**3 + 2*g**2 + 2*g - 4. Let q be v(o). Let n(m) = m**2 + 3 + 2*m + 2*m + 0*m. Determine n(q).
3
Let d(k) = -k + 1. Let m(v) = -2. Let y(w) = -3*d(w) - m(w). What is y(-5)?
-16
Let i(c) = 11*c. Suppose r - 435 = -438. Determine i(r).
-33
Let i(l) = -8 - 822*l**2 + 408*l**2 + 4 + 413*l**2 - 8*l. Give i(-7).
3
Let o(t) = -t - 2. Let g be ((-9)/6)/((-12)/200). Suppose 0 = 3*i - g + 46. Determine o(i).
5
Let d(c) be the second derivative of 4*c + 1/20*c**5 + 0*c**3 + 0 + 5/2*c**2 + 0*c**4. Let u be d(0). Let v(q) = q**2 - 7*q + 2. What is v(u)?
-8
Let z(t) = -22*t**3 - 13*t**2 - 2*t - 16. Let o(x) = -11*x**3 - 6*x**2 - x - 7. Let v(d) = 9*o(d) - 4*z(d). What is v(-1)?
11
Suppose -12*a + 16 = 4. Let d be -8 - ((21 - 23) + (0 - a)). Let s(t) = -4 + 4 + t + 5. Calculate s(d).
0
Let b(w) = w. Suppose -k - 5*t = 21, 3*t = -2*k - 0*k - 14. Let l be k/(-3*2/(-54)). Let u = 5 + l. What is b(u)?
-4
Let y be 3/(-1) + 6 + -9. Let o(c) = -c**3 - 6*c**2 + 2. Let p be o(y). Suppose -5*w + 15 = -5*n, 5*w + 20 - 47 = p*n. Let k(a) = -a**2 + 5*a + 8. What is k(w)?
-6
Let p(j) = -j + 26. Let z = 2010 + -1981. Determine p(z).
-3
Let p(z) = -z - 4. Let m be (-20)/14 - 12/(-28). Let r = 2 + 0. Let a be 8*(1/r)/m. Determine p(a).
0
Let a(d) = 6*d - 9*d + 6*d - 1. Suppose -29 = h - 5*k, 0*h - 2*k = 2*h - 2. Let x = 2 + h. Calculate a(x).
-7
Let t(h) be the first derivative of -h**2/2 - 18*h + 2. Let l be t(-14). Let j(z) = z**2 + 4*z - 3. What is j(l)?
-3
Let v(h) = 20*h**2 + 2*h + 1. Let d be -3 + (-4 - -8)/4. Let y = d + 1. Determine v(y).
19
Let r(d) = -2*d + 9*d - 4*d + 10*d - 1. Determine r(-1).
-14
Let c(p) = -p**3 - 3*p**2 + p - 2. Let t be c(-3). Let b(d) = d**2 + 5*d - 4. Let g(l) = -l**2 - 5*l + 4. Let n(r) = -3*b(r) - 2*g(r). Determine n(t).
4
Let a = -5 - 0. Let x(f) = -7*f**2 - f - 7. Let i(v) be the first derivative of -2*v**3 - v**2 - 7*v - 30. Let h(j) = a*x(j) + 6*i(j). Determine h(-5).
3
Let d = -27 + 59. Let n = 25 - d. Let m(p) = p**3 + 7*p**2 + 10. What is m(n)?
10
Let w = -6 + 20. Let y = 8 - w. Let p(a) = 2*a**2 + 1. Let v(j) = -3*j**2 + 4*j. Let r(q) = -2*p(q) - v(q). What is r(y)?
-14
Let t(g) = g**3 - g**2 - g. Let k(u) = -5*u**3 + 5*u**2 + 6*u - 4. Let c(w) = k(w) + 4*t(w). Let m(b) = b**2 - b - 3. Let a be m(3). Calculate c(a).
-16
Let f(m) be the first derivative of m**6/360 - m**5/20 - 3*m**4/8 + 23*m**3/3 + 38. Let g(p) be the third derivative of f(p). Give g(8).
7
Suppose 51 = 3*i - 30. Let x(p) = 2*p - 26*p**3 + 6 + p**2 + i*p**3 - 2*p. Determine x(0).
6
Suppose -3*t = 6, 3*t + 44 = -4*q + 2. Let u be (0/(-2))/(q + 7). Let h(o) = -o - 10. What is h(u)?
-10
Suppose -2*c - 70 + 66 = 0. Suppose -2*k + 5*w = 4 + 13, 2*w = k + 6. Let x(m) = -m**3 - 4*m**2 + 0*m**3 - 1 - 2 - k*m. Determine x(c).
-3
Let u(f) be the second derivative of -f**5/20 + 5*f**4/12 + f**3/6 - 2*f**2 + f + 42. Determine u(4).
16
Let b(v) = -3*v**3 + 8*v**2 - 7*v + 3. Let d(p) = 7*p**3 - 17*p**2 + 14*p - 6. Let j(u) = -5*b(u) - 2*d(u). Calculate j(5).
7
Let c(a) = -6*a - 29. Let t(l) = 6*l + 36. Let b(h) = 5*c(h) + 4*t(h). Determine b(4).
-25
Let n(x) = -x**3 + 3*x**2 + 4*x - 3. Suppose o = 57 - 45. Let y be o/(-6)*((-42)/(-4))/(-7). Give n(y).
9
Let a(y) = 2*y - 1. Let q(u) = -u. Let g(p) = a(p) + q(p). Let l be g(3). Let v(f) = f**l - 6*f**3 - 2 - f + 0*f + 8*f**3. Calculate v(-2).
-12
Suppose 0 = 5*u + 37 - 202. Let r(x) = -u - 5*x + x**2 + 19 + 20. Let o(l) = l**2 - 4*l - 7. Let k be o(6). What is r(k)?
6
Let n(h) = -h**3 - 21*h**2 + 23*h + 29. Suppose 8*z - 1138 = -1314. Determine n(z).
7
Let y(r) = 6*r - 16. Let s be y(3). Let a(u) be the first derivative of 2*u**2 - 1 + s*u**3 - 6*u + 1/4*u**4. What is a(-5)?
-1
Let o be 64/(-256) - (-4)/(-2 + 18). Let v(z) = -4*z**3 + 2*z**3 + z**3 + 5. Calculate v(o).
5
Let m(t) = -6*t**2 - 2*t - 5. Let a(n) = -5*n**2 - n - 5. Let z(r) = -5*a(r) + 4*m(r). What is z(4)?
9
Let j(f) be the third derivative of -11*f**4/24 + 10*f**3 - 871*f**2. Calculate j(6).
-6
Suppose 2*h = 14 + 36. Let c = h + -22. Suppose -9 = c*w - 6. Let l(d) = -d + 1. What is l(w)?
2
Let u(l) = l**2 + 4*l + 6. Let j = -9 + 12. Let k = j + 0. Let h be (2 + (-40)/12)*k. What is u(h)?
6
Let h(u) = -2*u - 8. Let j(o) = -4*o - 16. Let w(c) = -7*h(c) + 3*j(c). Calculate w(-6).
-4
Let o(f) = -f**2 - 8*f - 9. Suppose 4*h = -4*k, 36*h + 2*k = 41*h + 28. Determine o(h).
7
Let z(g) = -3*g**3 + 0 + 8928*g**2 - 8932*g**2 + 2*g**3 + 1 + g. Give z(-3).
-11
Let f = 32 - 99. Let s = f - -71. Let k(u) = u + 1. Determine k(s).
5
Let d(o) = -4*o - 1. Let w = 905 - 905. What is d(w)?
-1
Let d(z) = -3*z + 7 + 4 - 23 + 13. Give d(4).
-11
Let s(x) = 7*x - 62. Let q(r) = 48*r - 420. Let a(u) = 4*q(u) - 27*s(u). What is a(4)?
6
Suppose 0 = -17*x + 12*x + 5*i + 10, -5*i = 5. Let b(o) = -7*o**2 - o + 2. Calculate b(x).
-6
Let z(f) be the second derivative of -f**4/24 + 2*f**3/3 - 25*f**2/2 - 14*f. Let x(v) be the first derivative of z(v). Let q = 7 - 1. Determine x(q).
-2
Let j(y) = -39*y + 44. Let n(u) = -78*u + 102. Let b(p) = 7*j(p) - 3*n(p). Calculate b(2).
-76
Let b be (-6)/(3 + -1) + 10. Let l be 1 - (-7)/(b/(-4)). Let j be (1/3)/((-1)/l). Let k(u) = -10*u + 1. What is k(j)?
-9
Let m(p) = p**2 - p. Let h(i) = 5*i**2 + 4*i - 7. Let f = -120 + 121. Let s(j) = f*h(j) - 6*m(j). Give s(9).
2
Let h(x) = 13454 + 4*x + 13454 - 5*x**2 - 26911. Suppose -j + 5*j = 8. What is h(j)?
-15
Let k(n) = n**3 + 4*n**2 + 1. Let l = 10 - 14. Let u be k(l). Let m(t) = -t**3 + 1. Let w(i) = 10*i**3 - i**2 + i - 7. Let x(f) = 6*m(f) + w(f). Determine x(u).
3
Let o(i) = i**3 - i**2 + 6. Let x(p) = p**3 - 28*p**2 - 29*p. Let k be x(29). What is o(k)?
6
Let n(r) = -r**3 - 5*r**2 + r + 7. Suppose -5*u + 9*u - 4 = 0. Let h(t) = -u - 5*t**3 + 0*t**3 + t + 4*t**3 + 4*t**2 + 2*t**3. Let p be h(-4). Determine n(p).
2
Let v = -80 - -64. Let a(r) = -2*r - 34. Let d be a(v). Let z(q) = 2*q**3 - q + 2. Determine z(d).
-12
Let i(g) = 64 + 5*g - 138 + 78. What is i(-3)?
-11
Let h(s) = -s**3 - 5*s**2 + 4*s + 3. Suppose 0 = 5*m + o + 23, 4*o + 0*o = 2*m - 4. What is h(m)?
-29
Let c(k) = k**3 - 5*k**2 + 4*k. Let d = 44 + -47. Let a be d*1 - (-5 + -1). Calculate c(a).
-6
Let m(o) be the third derivative of o**5/15 + o**4/6 + o**3/6 - 13*o**2 + 5*o. What is m(-1)?
1
Let o(q) = q**2 + 6*q + 7. Let m(j) = 1. Let f(w) = -2*m(w) + o(w). Suppose -185*v + 5 = -186*v. Calculate f(v).
0
Let p(s) be the third derivative of 0*s + 0 + 1/12*s**4 + 1/15*s**5 - 12*s**2 - 1/120*s**6 - 2/3*s**3. Determine p(4).
4
Let j(m) = -m**3 + 3*m**2 + 4*m + 1. Let l = 386 - 382. Determine j(l).
1
Let a = -37 - -27. Let o(w) = -w**2 - 11*w - 2. What is o(a)?
8
Let a(r) be the first derivative of -r**2/2 - 9*r + 10. Suppose 0 = 3*o - 15, 0 = -3*g - 7*o + 5*o - 5. What is a(g)?
-4
Let l(y) = -5*y**3 + 4 + 4*y**3 + 2*y + 3*y**2 - 2. Suppose 7 = 3*p + 4, 2*p + 315 = -u. Let z = -313 - u. Calculate l(z).
-6
Suppose 54 + 1 = 5*c + 3*t, -65 = -5*c - 5*t. Suppose -c = 2*a + 2*a. Let b(s) = -5 - 3*s + 11 - 3 - 5. Calculate b(a).
4
Let h(p) = p**2 - 10*p + 14. Let s be h(-6). Let z(d) = -5 - d**2 - s*d + 104*d - 2. Calculate z(-7).
-14
Let s(g) = -g**3 + 8*g**2 + 9*g + 6. Suppose 0 = -5*w, -7*r + 5*w - 18 = -9*r. Determine s(r).
6
Let p(k) = -2*k**2 + 37*k - 52. Let a be p(17). Let w